{"id":204,"date":"2023-03-26T19:49:57","date_gmt":"2023-03-26T19:49:57","guid":{"rendered":"https:\/\/segmentes.com\/?post_type=product&#038;p=204"},"modified":"2025-10-14T16:42:24","modified_gmt":"2025-10-14T16:42:24","slug":"depiladora-facial-mujer-perfilador-de-cejas","status":"publish","type":"product","link":"https:\/\/segmentes.com\/index.php\/product\/depiladora-facial-mujer-perfilador-de-cejas\/","title":{"rendered":"Depiladora Facial Mujer &#8211; Perfilador de Cejas"},"content":{"rendered":"<p>\u00bfQuieres una piel suave y libre de vello? La Depiladora Facial para Mujer es tu soluci\u00f3n perfecta. Ya sea para perfilar tus cejas, depilar el labio superior e inferior, barbilla, mejillas, nariz, axilas, cuello o bikini, \u00a1esta depiladora es adecuada para todo tipo de piel!<\/p>\n<p>Con una cuchilla de acero inoxidable de alta calidad, no tendr\u00e1s que preocuparte por rasgu\u00f1os, enrojecimiento o irritaci\u00f3n. Esta depiladora es compatible con la piel para asegurar cortes efectivos y uniformes.<\/p>\n<p>\u00a1Adem\u00e1s, su dise\u00f1o port\u00e1til la convierte en una herramienta de belleza perfecta para llevar contigo dondequiera que vayas! Con una luz LED incorporada para facilitar su uso, su dise\u00f1o similar al de una barra de labios la hace extremadamente compacta y ligera.<\/p>\n<p>\u00bfY lo mejor de todo? \u00a1Esta depiladora el\u00e9ctrica para mujer no tira del vello desde la ra\u00edz sino que lo corta muy cerca de la piel sin irritarla! As\u00ed podr\u00e1s disfrutar de una \u00f3ptima suavidad y comodidad.<\/p>\n<p>\u00bfY qu\u00e9 hay de la limpieza? \u00a1Es muy f\u00e1cil de usar y limpiar! Funciona con bater\u00eda recargable por USB y despu\u00e9s de cada uso, solo tienes que retirar el cabezal de corte, enjuagarlo con agua corriente o limpiarlo con un cepillo. Tambi\u00e9n puedes limpiar el cuerpo de la afeitadora con un pa\u00f1o o pa\u00f1uelo seco.<\/p>\n<p>No pierdas m\u00e1s tiempo con productos de depilaci\u00f3n inc\u00f3modos y dolorosos. Con la Depiladora Facial para Mujer, \u00a1podr\u00e1s disfrutar de una piel suave y libre de vello en cuesti\u00f3n de minutos!<\/p>\n","protected":false},"excerpt":{"rendered":"<ul>\n<li>Depiladora el\u00e9ctrica para mujer con cuchilla de acero inoxidable de alta calidad<\/li>\n<li>Adecuada para todo tipo de piel, sin rasgu\u00f1os, enrojecimiento o irritaci\u00f3n<\/li>\n<li>Dise\u00f1o port\u00e1til similar al de una barra de labios, con luz LED incorporada para facilitar su uso<\/li>\n<li>\u00d3ptima suavidad y comodidad, ya que corta el vello muy cerca de la piel sin irritarla<\/li>\n<li>F\u00e1cil de usar y limpiar, con bater\u00eda recargable por USB<\/li>\n<li>Ideal para perfilar cejas, depilar el labio superior e inferior, barbilla, mejillas, nariz, axilas, cuello y bikini.<\/li>\n<\/ul>\n","protected":false},"featured_media":205,"comment_status":"open","ping_status":"closed","template":"","meta":[],"product_brand":[],"product_cat":[27],"product_tag":[],"class_list":{"0":"post-204","1":"product","2":"type-product","3":"status-publish","4":"has-post-thumbnail","6":"product_cat-belleza","8":"first","9":"instock","10":"sale","11":"taxable","12":"shipping-taxable","13":"purchasable","14":"product-type-simple"},"_links":{"self":[{"href":"https:\/\/segmentes.com\/index.php\/wp-json\/wp\/v2\/product\/204"}],"collection":[{"href":"https:\/\/segmentes.com\/index.php\/wp-json\/wp\/v2\/product"}],"about":[{"href":"https:\/\/segmentes.com\/index.php\/wp-json\/wp\/v2\/types\/product"}],"replies":[{"embeddable":true,"href":"https:\/\/segmentes.com\/index.php\/wp-json\/wp\/v2\/comments?post=204"}],"version-history":[{"count":1,"href":"https:\/\/segmentes.com\/index.php\/wp-json\/wp\/v2\/product\/204\/revisions"}],"predecessor-version":[{"id":212,"href":"https:\/\/segmentes.com\/index.php\/wp-json\/wp\/v2\/product\/204\/revisions\/212"}],"wp:featuredmedia":[{"embeddable":true,"href":"https:\/\/segmentes.com\/index.php\/wp-json\/wp\/v2\/media\/205"}],"wp:attachment":[{"href":"https:\/\/segmentes.com\/index.php\/wp-json\/wp\/v2\/media?parent=204"}],"wp:term":[{"taxonomy":"product_brand","embeddable":true,"href":"https:\/\/segmentes.com\/index.php\/wp-json\/wp\/v2\/product_brand?post=204"},{"taxonomy":"product_cat","embeddable":true,"href":"https:\/\/segmentes.com\/index.php\/wp-json\/wp\/v2\/product_cat?post=204"},{"taxonomy":"product_tag","embeddable":true,"href":"https:\/\/segmentes.com\/index.php\/wp-json\/wp\/v2\/product_tag?post=204"}],"curies":[{"name":"wp","href":"https:\/\/api.w.org\/{rel}","templated":true}]}}