{"id":342,"date":"2023-04-01T16:52:01","date_gmt":"2023-04-01T16:52:01","guid":{"rendered":"https:\/\/segmentes.com\/?post_type=product&#038;p=342"},"modified":"2024-09-27T19:12:03","modified_gmt":"2024-09-27T19:12:03","slug":"virgen-de-guadalupe","status":"publish","type":"product","link":"https:\/\/segmentes.com\/index.php\/product\/virgen-de-guadalupe\/","title":{"rendered":"Virgen de Guadalupe Figura artesanal en madera pintada a mano"},"content":{"rendered":"<h2>Figura artesanal de la virgen de guadalupe: adorno de madera pintado a mano<\/h2>\n<p>La historia de la Virgen de Guadalupe es una de las m\u00e1s conmovedoras e inspiradoras de la fe cat\u00f3lica en M\u00e9xico.<\/p>\n<p>Cuenta la leyenda que en el a\u00f1o 1531, un ind\u00edgena llamado Juan Diego estaba caminando cerca del cerro del Tepeyac, en la Ciudad de M\u00e9xico, cuando vio una aparici\u00f3n de la Virgen Mar\u00eda. La Virgen le pidi\u00f3 que construyera una capilla en su honor en ese mismo lugar.<\/p>\n<p>Juan Diego fue a ver al obispo de la ciudad, pero \u00e9ste no le crey\u00f3. La Virgen apareci\u00f3 nuevamente ante Juan Diego y le dijo que recogiera unas rosas que hab\u00edan florecido milagrosamente en el cerro del Tepeyac para llev\u00e1rselas al obispo como prueba de su presencia.<\/p>\n<p>Cuando Juan Diego abri\u00f3 su manta para mostrar las rosas al obispo, \u00e9ste vio que en la manta estaba impresa la imagen de la Virgen de Guadalupe. A partir de ese momento, la imagen de la Virgen de Guadalupe se convirti\u00f3 en un objeto de devoci\u00f3n popular en M\u00e9xico y en todo el mundo.<\/p>\n<p>La Virgen de Guadalupe es un s\u00edmbolo de la fe y la esperanza en M\u00e9xico y en todo el mundo. Su imagen se encuentra en capillas y altares por todo el pa\u00eds y millones de fieles peregrinan cada a\u00f1o a la Bas\u00edlica de Guadalupe en la Ciudad de M\u00e9xico, para rendirle homenaje y pedir su intercesi\u00f3n en sus necesidades.<\/p>\n<p>La historia de la Virgen de Guadalupe nos recuerda que la Virgen Mar\u00eda est\u00e1 siempre dispuesta a escuchar nuestras s\u00faplicas y a interceder por nosotros ante su Hijo. La Virgen de Guadalupe es una madre amorosa que nos gu\u00eda y nos protege en los momentos m\u00e1s dif\u00edciles de nuestras vidas.<\/p>\n<h3>Detalles Importantes de la Imagen:<\/h3>\n<p>Es la patrona de M\u00e9xico, y se dice que se le apareci\u00f3 a un ind\u00edgena en 1531. La imagen de la virgen suele llevar un manto verde y una t\u00fanica rosa, y est\u00e1 rodeada de s\u00edmbolos que tienen significado religioso para los mexicanos.<\/p>\n<p>&nbsp;<\/p>\n<p>Si est\u00e1s buscando un regalo \u00fanico y significativo o simplemente quieres decorar tus espacios con un detalle original, este adorno de madera pintado a mano es una excelente opci\u00f3n. Hecho de madera MDF pintada a mano con pinturas acr\u00edlicas para protecci\u00f3n y profundidad de color, este adorno de la virgen es una hermosa figura que es perfecta para cualquier ocasi\u00f3n.<\/p>\n<h4>Dise\u00f1ado y elaborado a mano con amor &#8211; Tu arte selecto<\/h4>\n<p>Cada una de estas piezas es \u00fanica y est\u00e1 hecha a mano con la mejor calidad y dedicaci\u00f3n. Dise\u00f1adas y elaboradas por una artista venezolana, estas siluetas en MDF est\u00e1n elaboradas en MDF de 3 y 9 mm de varias capas, completamente a mano, con pinturas acr\u00edlicas de primera calidad y diferentes t\u00e9cnicas de pintado.<\/p>\n<h4>Excelentes acabados con un mayor nivel art\u00edstico<\/h4>\n<p>Lo que hace que este adorno de madera sea especial es su excelente nivel art\u00edstico y sus acabados de lujo. En comparaci\u00f3n con piezas artesanales tradicionales, estas siluetas tienen un mayor nivel art\u00edstico y est\u00e1n elaboradas con un cuidado y detalle excepcionales.<\/p>\n<h4>Perfecto para cualquier ocasi\u00f3n<\/h4>\n<p>Este adorno de madera de la virgen es ideal para regalos, ya sea para primera comuni\u00f3n, bautizos o cualquier otra ocasi\u00f3n. Tambi\u00e9n es perfecto para decorar tus espacios con un detalle original y significativo. Con una altura aproximada de 14 a 21 cm, este adorno es lo suficientemente grande como para llamar la atenci\u00f3n, pero lo suficientemente peque\u00f1o como para adaptarse a cualquier espacio.<\/p>\n<h4>Tenga en cuenta que:<\/h4>\n<ul>\n<li>Debido al material y la naturaleza artesanal de este art\u00edculo, puede haber ligeras variaciones en cada pieza. Sin embargo, esto solo agrega al encanto y la singularidad de cada adorno. Recuerde que cada uno de estos adornos est\u00e1 hecho a mano y pintado a mano por un artista venezolano con amor y dedicaci\u00f3n.<\/li>\n<li>Para cuidar adecuadamente este adorno de madera, es importante mantenerlo alejado de la luz directa del sol y la humedad excesiva. Tambi\u00e9n es recomendable limpiarlo suavemente con un pa\u00f1o suave y seco para evitar da\u00f1ar la pintura y el acabado.<\/li>\n<\/ul>\n<h4>\u00bfSe puede personalizar este adorno de madera pintado a mano?<\/h4>\n<p>S\u00ed, se pueden personalizar estos adornos de madera pintados a mano seg\u00fan sus necesidades. P\u00f3ngase en contacto con nosotros para discutir las opciones de personalizaci\u00f3n.<\/p>\n","protected":false},"excerpt":{"rendered":"<ul>\n<li>ARTE HECHO A MANO DE ALTA CALIDAD: Este adorno ha sido dise\u00f1ado y elaborado por una talentosa artista venezolana con dedicaci\u00f3n y amor, lo que le confiere una calidad excepcional.<\/li>\n<li>ACABADOS DE LUJO: El adorno de madera ha sido elaborado con un alto nivel art\u00edstico y un cuidado excepcional en los detalles, lo que garantiza que tenga un aspecto lujoso y sofisticado.<\/li>\n<li>PERSONALIZABLE: Este adorno puede ser personalizado seg\u00fan sus necesidades, lo que lo convierte en una opci\u00f3n ideal para cualquier evento o regalo especial.<\/li>\n<li>PERFECTO PARA CUALQUIER OCASI\u00d3N: Este adorno es ideal para regalos, decoraci\u00f3n y celebraciones de todo tipo, lo que lo convierte en una opci\u00f3n vers\u00e1til y pr\u00e1ctica para cualquier hogar.<\/li>\n<li>CUIDADO SENCILLO: El adorno es f\u00e1cil de cuidar con un mantenimiento sencillo, lo que le garantiza una larga duraci\u00f3n y un aspecto impecable por\u00a0mucho\u00a0tiempo.<\/li>\n<\/ul>\n","protected":false},"featured_media":442,"comment_status":"open","ping_status":"closed","template":"","meta":[],"product_brand":[],"product_cat":[35,29],"product_tag":[33,34,32],"class_list":{"0":"post-342","1":"product","2":"type-product","3":"status-publish","4":"has-post-thumbnail","6":"product_cat-hecho-a-mano","7":"product_cat-hogar-y-cocina","8":"product_tag-guadalupe","9":"product_tag-hecho-a-mano","10":"product_tag-virgen","12":"first","13":"instock","14":"sale","15":"taxable","16":"shipping-taxable","17":"purchasable","18":"product-type-simple"},"_links":{"self":[{"href":"https:\/\/segmentes.com\/index.php\/wp-json\/wp\/v2\/product\/342"}],"collection":[{"href":"https:\/\/segmentes.com\/index.php\/wp-json\/wp\/v2\/product"}],"about":[{"href":"https:\/\/segmentes.com\/index.php\/wp-json\/wp\/v2\/types\/product"}],"replies":[{"embeddable":true,"href":"https:\/\/segmentes.com\/index.php\/wp-json\/wp\/v2\/comments?post=342"}],"version-history":[{"count":5,"href":"https:\/\/segmentes.com\/index.php\/wp-json\/wp\/v2\/product\/342\/revisions"}],"predecessor-version":[{"id":443,"href":"https:\/\/segmentes.com\/index.php\/wp-json\/wp\/v2\/product\/342\/revisions\/443"}],"wp:featuredmedia":[{"embeddable":true,"href":"https:\/\/segmentes.com\/index.php\/wp-json\/wp\/v2\/media\/442"}],"wp:attachment":[{"href":"https:\/\/segmentes.com\/index.php\/wp-json\/wp\/v2\/media?parent=342"}],"wp:term":[{"taxonomy":"product_brand","embeddable":true,"href":"https:\/\/segmentes.com\/index.php\/wp-json\/wp\/v2\/product_brand?post=342"},{"taxonomy":"product_cat","embeddable":true,"href":"https:\/\/segmentes.com\/index.php\/wp-json\/wp\/v2\/product_cat?post=342"},{"taxonomy":"product_tag","embeddable":true,"href":"https:\/\/segmentes.com\/index.php\/wp-json\/wp\/v2\/product_tag?post=342"}],"curies":[{"name":"wp","href":"https:\/\/api.w.org\/{rel}","templated":true}]}}